121 is divided by v?
28
Suppose -13*n - 222 = -7*n. Let t = -24 - n. What is the remainder when 35 is divided by t?
9
Let g(j) = -10*j + 6. Let u be g(0). Suppose 383 = -u*k + 1139. Calculate the remainder when k is divided by 32.
30
Let u(n) = n**2 - n - 22. Let s be u(6). Suppose 2*r + 30 = 82. What is the remainder when r is divided by 11 + 1/((-2)/s)?
5
Suppose -69*f - 121 = -80*f. Calculate the remainder when 163 is divided by f.
9
What is the remainder when 21/(-63) - (-2 - 2576/6) is divided by 139?
14
Suppose 6*x + 221 + 631 = 0. Calculate the remainder when 29 is divided by x/(-9) + 6/27.
13
Let i = -1096 - -1124. Calculate the remainder when 125 is divided by i.
13
Suppose 0 = 8*q + 57 - 177. Let l(w) = 3 - 3 + 2 - 6*w + w**2. Calculate the remainder when q is divided by l(7).
6
Let s be ((-3)/(-9))/(2/(-6))*-2. Calculate the remainder when s + (-12)/8 - 465/(-6) is divided by 20.
18
Suppose -a - 2 + 59 = 0. What is the remainder when a is divided by (-1715)/(-70) - 24 - ((-31)/2 + 1)?
12
Let z(v) = 10*v - 5. Suppose 2*a = -0*a + 14. Suppose r = -r + 34. Calculate the remainder when z(a) is divided by r.
14
Let f(i) = i**3 - 60*i**2 + 61*i + 49. Calculate the remainder when f(59) is divided by 7.
6
Suppose -11*q = 10*q - 294. Calculate the remainder when q is divided by 8.
6
Let x(c) = -c. Let g be x(-5). Suppose 0 = 2*d - r - 319, -d - d + 323 = -g*r. What is the remainder when d is divided by 40?
39
Suppose -15 = -3*i - 147. Let s = i + 73. Calculate the remainder when s is divided by 15.
14
Let c(n) = 3*n - 33. What is the remainder when 81 is divided by c(15)?
9
What is the remainder when 878 is divided by -6 + 8*(-54)/(-9)?
38
Suppose -u - 3*u - 5*i = -45, 4*i + 16 = 2*u. Suppose 2*k - 4 = -20. What is the remainder when u is divided by (-9)/(0 + 12/k)?
4
Let v = 1297 + -1234. What is the remainder when v is divided by 22?
19
Let v = -50 - 7. Let f = 27 - v. Calculate the remainder when f is divided by 18.
12
Suppose 7*o - o - 270 = 0. What is the remainder when o is divided by 12?
9
Let h(t) = 7*t**3 + t**2 + 4*t - 3. Let y be h(2). Let o = y - 49. What is the remainder when 91 is divided by o?
11
What is the remainder when 2168 + (2 - 3)*5 - 5 is divided by 17?
16
Let s(m) be the third derivative of 15*m**4/8 + 3*m**2. Let r be s(4). Suppose q = -2*q + r. What is the remainder when q is divided by 21?
18
Suppose -3*r = -153 - 366. Suppose h + 3*s = -3*h + r, 0 = 5*h + 3*s - 220. What is the remainder when h is divided by 24?
23
Suppose m - 5*i - 29 = 0, -m - 2*i = 4*m - 226. What is the remainder when m is divided by 30?
14
Let l(d) = d**3 - d**2 - 7*d + 6. Let z be l(4). Let n = z + -11. Calculate the remainder when 24 is divided by n.
9
Suppose 0 = 220*n - 231*n + 286. What is the remainder when 285 is divided by n?
25
Let a = 255 + -217. Calculate the remainder when a is divided by 17.
4
Let c(p) = -11*p + 1. Let n(h) = -h**2 + h + 3. Let y = 10 - 7. Let k be n(y). What is the remainder when c(k) is divided by 18?
16
Suppose 0 = -5*h - 18 + 28. Let d = -15 + 18. What is the remainder when d is divided by h?
1
Let j be 3/2 - (-12)/8. Suppose o - j = 12. What is the remainder when 43 is divided by o?
13
What is the remainder when 67 is divided by ((-6)/12 - 0)/(5/(-610))?
6
Let o(z) = -3*z**2 + 45*z + 27. What is the remainder when 106 is divided by o(15)?
25
Let n(j) = -6*j - 15 + 12 - 2*j**2 + 3*j**2. What is the remainder when 25 is divided by n(8)?
12
Suppose -2*p - p + 5*v + 40 = 0, 4*p - 10 = -2*v. Let k = -7 - -7. Calculate the remainder when 0 + (-19)/(-1 - k) is divided by p.
4
Let p = -178 + 451. What is the remainder when p is divided by 69?
66
Let c(z) = 7*z + 255. Calculate the remainder when c(29) is divided by 22.
18
Let k(r) = 2*r + 39. Suppose 0 = -0*d + 2*d - 112. What is the remainder when d is divided by k(-5)?
27
Suppose 2*w + 8 = 0, 0*w = -2*t - w + 136. What is the remainder when t is divided by 25?
20
Let l(m) = -17*m. Let s = -20 - -11. Let j(d) = -d**2 - 16*d + 3. Calculate the remainder when j(s) is divided by l(-2).
32
Suppose -2*i - 34 = 3*q, 28 = -5*q + 4*q - 4*i. Let p = q + 30. What is the remainder when p is divided by 13?
9
Suppose -y = o + 3, o + 0 + 6 = -4*y. Suppose 0*t + 45 = 5*t. What is the remainder when 16 - (0 + o + 1 + 2) is divided by t?
6
Suppose -z + 11 = 3*g, z = 3*g - z - 5. Suppose g + 7 = -5*n, -5*a + 330 = -5*n. Calculate the remainder when a is divided by 18.
10
Calculate the remainder when 0 - (-103 - (-1 - -2)) is divided by 28.
20
Let d(w) = -4*w + w**2 + 5*w + w**2 - 19. Calculate the remainder when 91 is divided by d(-6).
44
Let v(y) = -y**2 + 13*y - 9. What is the remainder when v(7) is divided by 17?
16
Let y = -144 - -266. Calculate the remainder when y is divided by 2/(-12) - 2057/(-66).
29
Let k(m) = 0*m - 6*m**2 + 7*m - 3115 + 3129 - m**3. Calculate the remainder when 37 is divided by k(-7).
9
Let h(c) = -23*c + 286. What is the remainder when h(10) is divided by 17?
5
Calculate the remainder when 123 is divided by ((-1)/3 - 0) + (-97)/(-3).
27
Suppose 0 = n - f - 3*f - 644, 2*n - 5*f = 1300. Suppose -n = -10*i - 2*i. Calculate the remainder when i is divided by 19.
17
Let d = 11 + -6. Let k(s) = 3*s**2 - 11*s - 4. What is the remainder when k(d) is divided by 5?
1
Suppose 0 = 5*q + 5*r, -4*r - 6 = 2. Suppose 25 = -q*v + 7*v. Calculate the remainder when v is divided by 5.
0
Let a(o) = o**3 + 33*o**2 + 31*o + 35. Calculate the remainder when a(-32) is divided by 58.
9
What is the remainder when 82 is divided by ((-120)/(-35))/(36/126)?
10
Suppose 146*q - 25*q = 6292. Suppose -4*v = -z + 18, 4*z = -v - 2*v + 72. Calculate the remainder when q is divided by z.
16
Let o = 77 + -66. What is the remainder when 63 is divided by o?
8
Let c be (0 - 3/(-3)) + 1. Suppose 2*t + 61 = c*b - 5, 0 = 2*b + 5*t - 45. Calculate the remainder when 89 is divided by b.
29
Suppose u - 4 = 0, 13*t - 9*t + u - 184 = 0. What is the remainder when 358 is divided by t?
43
Let v be (-5)/(-9)*(-15)/(-5)*300. Suppose -15 + v = 5*c. Calculate the remainder when c is divided by 25.
22
Let o = 43 - 38. Calculate the remainder when o is divided by (-6)/(-7)*392/84.
1
Suppose 2*w - 100 = 18. Calculate the remainder when 176 is divided by w.
58
Calculate the remainder when -4 + 6 - -99 - 6 is divided by 32.
31
Let n(o) = -60*o + 873. What is the remainder when n(12) is divided by 81?
72
Suppose -8 = -4*s + 4, 5*l + 5*s = 25. Let i(d) = 1 - d + d**2 + 2*d**l - 3*d**2 + 2*d**3 + 2*d**2. What is the remainder when i(2) is divided by 13?
10
Let w = -141 - -206. Calculate the remainder when w is divided by 82/5 + 3/5.
14
Let j(c) = -2*c**3 + 36*c**2 - 23*c - 10. Calculate the remainder when j(16) is divided by 72.
70
Let t = -37 + 39. Suppose -3*f = -2*g - 6*f + 42, t*g - 4*f = 42. Calculate the remainder when g is divided by 11.
10
Suppose -52*q + 109 = -99. Calculate the remainder when q is divided by 2.
0
Let m = -485 + 536. Calculate the remainder when m is divided by 9.
6
Let o be -2 - 210/((-9)/3). Suppose -2*l = -o + 20. Calculate the remainder when 46 is divided by l.
22
Let o = -2 + 2. Suppose o = y - 2*y + 5. Suppose 5*u = -p + 30, y*p - 3*p = 2*u - 24. What is the remainder when 18 is divided by u?
4
Let w(l) = 12*l + 90. What is the remainder when 337 is divided by w(-6)?
13
Let s = -97 + 104. Calculate the remainder when 20 is divided by s.
6
Suppose -9*r + 4*r = -225. Suppose 0 = -l + 4*a + r, 0 = -l + a + 13 + 41. Calculate the remainder when l is divided by 15.
12
Suppose 13 = 2*q + 2*b - 71, -5*b - 70 = -2*q. Let n = q - -75. What is the remainder when n is divided by 29?
28
Let w(r) = -6 + 4 - r**3 - 3 + 10*r**2 + 2*r - 10. Let o be w(10). Suppose v - 16 = -o. Calculate the remainder when 43 is divided by v.
10
Let y(h) = 117*h + 3. What is the remainder when y(1) is divided by 21?
15
Suppose -55 = -4*i - 19. What is the remainder when 26/6 + (-3)/i is divided by 3?
1
Let o = 2 + -2. Suppose o = 6*i - 4*i - 40. Suppose -4*u + 87 = -145. What is the remainder when u is divided by i?
18
Let g be (-3 - -2)*-1*1. What is the remainder when 77 is divided by (-40)/(-6)*-3*(g + -2)?
17
Let f = 28 - 16. Let m(p) = 15*p + 16*p**2 - 8*p**2 - 16 - 9*p**2 + 12. What is the remainder when 125 